{"id":3213,"date":"2015-10-21T14:29:32","date_gmt":"2015-10-21T13:29:32","guid":{"rendered":"http:\/\/www.areagest.com\/?page_id=3213"},"modified":"2025-06-10T15:58:40","modified_gmt":"2025-06-10T14:58:40","slug":"responsabilidade-social","status":"publish","type":"page","link":"https:\/\/www.areagest.com\/pt\/pt\/responsabilidade-social\/","title":{"rendered":"Responsabilidade Social"},"content":{"rendered":"<h3><a href=\"https:\/\/www.areagest.com\/wp-content\/uploads\/2015\/10\/11.png\"><img loading=\"lazy\" decoding=\"async\" class=\"alignnone wp-image-6320\" src=\"https:\/\/www.areagest.com\/wp-content\/uploads\/2015\/10\/11.png\" alt=\"\" width=\"269\" height=\"172\" srcset=\"https:\/\/areagest.com\/wp-content\/uploads\/2015\/10\/11.png 622w, https:\/\/areagest.com\/wp-content\/uploads\/2015\/10\/11-300x191.png 300w\" sizes=\"auto, (max-width: 269px) 100vw, 269px\" \/><\/a><\/h3>\n<p>&nbsp;<\/p>\n<h3>Trabalhamos com o prop\u00f3sito de contribuir para o desenvolvimento, coes\u00e3o e bem-estar social atrav\u00e9s da promo\u00e7\u00e3o e celebra\u00e7\u00e3o de uma cidadania mais ativa e solid\u00e1ria.<\/h3>\n<h4><span style=\"color: #666666; line-height: 1.5;\">Procuramos assumir-nos como uma agregadora do papel social nas empresas. com o objectivo de sensibilizar, mobilizar e valorizar as pessoas e as comunidades para a inclus\u00e3o social, desenvolvimento econ\u00f3mico e respeito pelo ambiente.<br \/>\n<\/span><\/h4>\n<h4><span style=\"color: #666666; line-height: 1.5;\">Apresentamo-nos como uma entidade interessada em apoiar causas que levem ao alcance de um bem maior.<\/span><\/h4>\n<p>&nbsp;<\/p>\n<h4>Conhe\u00e7a algumas das nossas a\u00e7\u00f5es:<\/h4>\n<h4><span style=\"color: #666666; line-height: 1.5;\"><span id=\"ember2607\" class=\"ember-view\">&#8211; Somos associados da <\/span><a id=\"ember2611\" class=\"tap-target feed-shared-text-view__mention ember-view\" href=\"https:\/\/www.linkedin.com\/company\/gracept\/\/\" target=\"_self\"><span data-entity-hovercard-id=\"urn:li:fs_miniProfile:ACoAABnSpg8B5mWfQCxRwSQ67vhrKMS8B0xK2w4\">Associa\u00e7\u00e3o GRACE<\/span><\/a><span id=\"ember2615\" class=\"ember-view\"> \u2013 Grupo de Reflex\u00e3o e Apoio \u00e0 Cidadania Empresarial. Saiba mais sobre esta associa\u00e7\u00e3o clicando\u00a0\u00a0<a href=\"https:\/\/grace.pt\/pt\">AQUI<\/a><\/span><br \/>\n<\/span><\/h4>\n<p><a href=\"https:\/\/www.areagest.com\/wp-content\/uploads\/2019\/02\/Selo-Grace.jpg\"><img loading=\"lazy\" decoding=\"async\" class=\"alignnone  wp-image-6987\" src=\"https:\/\/www.areagest.com\/wp-content\/uploads\/2019\/02\/Selo-Grace.jpg\" alt=\"\" width=\"204\" height=\"200\" srcset=\"https:\/\/areagest.com\/wp-content\/uploads\/2019\/02\/Selo-Grace.jpg 950w, https:\/\/areagest.com\/wp-content\/uploads\/2019\/02\/Selo-Grace-300x295.jpg 300w, https:\/\/areagest.com\/wp-content\/uploads\/2019\/02\/Selo-Grace-768x754.jpg 768w\" sizes=\"auto, (max-width: 204px) 100vw, 204px\" \/><\/a><\/p>\n<h4>\u00a0<span style=\"color: #666666; line-height: 1.5;\">&#8211; Conhe\u00e7a a nossa parceria com a Opera\u00e7\u00e3o Nariz Vermelho, clicando <strong><a href=\"http:\/\/www.areagest.com\/pt\/operacao-nariz-vermelho\/\">AQUI<\/a><\/strong><br \/>\n<\/span><\/h4>\n<p><a href=\"http:\/\/www.areagest.com\/pt\/operacao-nariz-vermelho\/\"><img loading=\"lazy\" decoding=\"async\" class=\"alignnone size-full wp-image-3220\" src=\"http:\/\/www.areagest.com\/wp-content\/uploads\/2015\/10\/nariz-vermelho-e1445434963681.jpg\" alt=\"nariz vermelho\" width=\"194\" height=\"74\" \/><\/a><\/p>\n<p>&nbsp;<\/p>\n<p>&nbsp;<\/p>\n","protected":false},"excerpt":{"rendered":"<p>&nbsp; Trabalhamos com o prop\u00f3sito de contribuir para o desenvolvimento, coes\u00e3o e bem-estar social atrav\u00e9s da promo\u00e7\u00e3o e celebra\u00e7\u00e3o de uma cidadania mais ativa e solid\u00e1ria. Procuramos assumir-nos como uma agregadora do papel social nas empresas. com o objectivo de sensibilizar, mobilizar e valorizar as pessoas e as comunidades para a inclus\u00e3o social, desenvolvimento econ\u00f3mico&#8230;<\/p>\n","protected":false},"author":1,"featured_media":0,"parent":0,"menu_order":0,"comment_status":"closed","ping_status":"closed","template":"","meta":{"footnotes":""},"class_list":["post-3213","page","type-page","status-publish","hentry"],"yoast_head":"<!-- This site is optimized with the Yoast SEO plugin v25.3.1 - https:\/\/yoast.com\/wordpress\/plugins\/seo\/ -->\n<title>Responsabilidade Social - Areagest Servi\u00e7os de Gest\u00e3o<\/title>\n<meta name=\"robots\" content=\"index, follow, max-snippet:-1, max-image-preview:large, max-video-preview:-1\" \/>\n<link rel=\"canonical\" href=\"https:\/\/www.areagest.com\/pt\/pt\/responsabilidade-social\/\" \/>\n<meta property=\"og:locale\" content=\"pt_PT\" \/>\n<meta property=\"og:type\" content=\"article\" \/>\n<meta property=\"og:title\" content=\"Responsabilidade Social - Areagest Servi\u00e7os de Gest\u00e3o\" \/>\n<meta property=\"og:description\" content=\"&nbsp; Trabalhamos com o prop\u00f3sito de contribuir para o desenvolvimento, coes\u00e3o e bem-estar social atrav\u00e9s da promo\u00e7\u00e3o e celebra\u00e7\u00e3o de uma cidadania mais ativa e solid\u00e1ria. Procuramos assumir-nos como uma agregadora do papel social nas empresas. com o objectivo de sensibilizar, mobilizar e valorizar as pessoas e as comunidades para a inclus\u00e3o social, desenvolvimento econ\u00f3mico...\" \/>\n<meta property=\"og:url\" content=\"https:\/\/www.areagest.com\/pt\/pt\/responsabilidade-social\/\" \/>\n<meta property=\"og:site_name\" content=\"Areagest Servi\u00e7os de Gest\u00e3o\" \/>\n<meta property=\"article:modified_time\" content=\"2025-06-10T14:58:40+00:00\" \/>\n<meta property=\"og:image\" content=\"https:\/\/areagest.com\/wp-content\/uploads\/2015\/10\/11.png\" \/>\n\t<meta property=\"og:image:width\" content=\"622\" \/>\n\t<meta property=\"og:image:height\" content=\"397\" \/>\n\t<meta property=\"og:image:type\" content=\"image\/png\" \/>\n<meta name=\"twitter:label1\" content=\"Tempo estimado de leitura\" \/>\n\t<meta name=\"twitter:data1\" content=\"1 minuto\" \/>\n<script type=\"application\/ld+json\" class=\"yoast-schema-graph\">{\"@context\":\"https:\/\/schema.org\",\"@graph\":[{\"@type\":\"WebPage\",\"@id\":\"https:\/\/www.areagest.com\/pt\/pt\/responsabilidade-social\/\",\"url\":\"https:\/\/www.areagest.com\/pt\/pt\/responsabilidade-social\/\",\"name\":\"Responsabilidade Social - Areagest Servi\u00e7os de Gest\u00e3o\",\"isPartOf\":{\"@id\":\"https:\/\/www.areagest.com\/pt\/#website\"},\"primaryImageOfPage\":{\"@id\":\"https:\/\/www.areagest.com\/pt\/pt\/responsabilidade-social\/#primaryimage\"},\"image\":{\"@id\":\"https:\/\/www.areagest.com\/pt\/pt\/responsabilidade-social\/#primaryimage\"},\"thumbnailUrl\":\"https:\/\/www.areagest.com\/wp-content\/uploads\/2015\/10\/11.png\",\"datePublished\":\"2015-10-21T13:29:32+00:00\",\"dateModified\":\"2025-06-10T14:58:40+00:00\",\"breadcrumb\":{\"@id\":\"https:\/\/www.areagest.com\/pt\/pt\/responsabilidade-social\/#breadcrumb\"},\"inLanguage\":\"pt-PT\",\"potentialAction\":[{\"@type\":\"ReadAction\",\"target\":[\"https:\/\/www.areagest.com\/pt\/pt\/responsabilidade-social\/\"]}]},{\"@type\":\"ImageObject\",\"inLanguage\":\"pt-PT\",\"@id\":\"https:\/\/www.areagest.com\/pt\/pt\/responsabilidade-social\/#primaryimage\",\"url\":\"https:\/\/www.areagest.com\/wp-content\/uploads\/2015\/10\/11.png\",\"contentUrl\":\"https:\/\/www.areagest.com\/wp-content\/uploads\/2015\/10\/11.png\"},{\"@type\":\"BreadcrumbList\",\"@id\":\"https:\/\/www.areagest.com\/pt\/pt\/responsabilidade-social\/#breadcrumb\",\"itemListElement\":[{\"@type\":\"ListItem\",\"position\":1,\"name\":\"In\u00edcio\",\"item\":\"https:\/\/www.areagest.com\/pt\/\"},{\"@type\":\"ListItem\",\"position\":2,\"name\":\"Responsabilidade Social\"}]},{\"@type\":\"WebSite\",\"@id\":\"https:\/\/www.areagest.com\/pt\/#website\",\"url\":\"https:\/\/www.areagest.com\/pt\/\",\"name\":\"Areagest Servi\u00e7os de Gest\u00e3o\",\"description\":\"Compra e Venda de Empresas, Portugal 2030, Assessoria Financeira\",\"potentialAction\":[{\"@type\":\"SearchAction\",\"target\":{\"@type\":\"EntryPoint\",\"urlTemplate\":\"https:\/\/www.areagest.com\/pt\/?s={search_term_string}\"},\"query-input\":{\"@type\":\"PropertyValueSpecification\",\"valueRequired\":true,\"valueName\":\"search_term_string\"}}],\"inLanguage\":\"pt-PT\"}]}<\/script>\n<!-- \/ Yoast SEO plugin. -->","yoast_head_json":{"title":"Responsabilidade Social - Areagest Servi\u00e7os de Gest\u00e3o","robots":{"index":"index","follow":"follow","max-snippet":"max-snippet:-1","max-image-preview":"max-image-preview:large","max-video-preview":"max-video-preview:-1"},"canonical":"https:\/\/www.areagest.com\/pt\/pt\/responsabilidade-social\/","og_locale":"pt_PT","og_type":"article","og_title":"Responsabilidade Social - Areagest Servi\u00e7os de Gest\u00e3o","og_description":"&nbsp; Trabalhamos com o prop\u00f3sito de contribuir para o desenvolvimento, coes\u00e3o e bem-estar social atrav\u00e9s da promo\u00e7\u00e3o e celebra\u00e7\u00e3o de uma cidadania mais ativa e solid\u00e1ria. Procuramos assumir-nos como uma agregadora do papel social nas empresas. com o objectivo de sensibilizar, mobilizar e valorizar as pessoas e as comunidades para a inclus\u00e3o social, desenvolvimento econ\u00f3mico...","og_url":"https:\/\/www.areagest.com\/pt\/pt\/responsabilidade-social\/","og_site_name":"Areagest Servi\u00e7os de Gest\u00e3o","article_modified_time":"2025-06-10T14:58:40+00:00","og_image":[{"width":622,"height":397,"url":"https:\/\/areagest.com\/wp-content\/uploads\/2015\/10\/11.png","type":"image\/png"}],"twitter_misc":{"Tempo estimado de leitura":"1 minuto"},"schema":{"@context":"https:\/\/schema.org","@graph":[{"@type":"WebPage","@id":"https:\/\/www.areagest.com\/pt\/pt\/responsabilidade-social\/","url":"https:\/\/www.areagest.com\/pt\/pt\/responsabilidade-social\/","name":"Responsabilidade Social - Areagest Servi\u00e7os de Gest\u00e3o","isPartOf":{"@id":"https:\/\/www.areagest.com\/pt\/#website"},"primaryImageOfPage":{"@id":"https:\/\/www.areagest.com\/pt\/pt\/responsabilidade-social\/#primaryimage"},"image":{"@id":"https:\/\/www.areagest.com\/pt\/pt\/responsabilidade-social\/#primaryimage"},"thumbnailUrl":"https:\/\/www.areagest.com\/wp-content\/uploads\/2015\/10\/11.png","datePublished":"2015-10-21T13:29:32+00:00","dateModified":"2025-06-10T14:58:40+00:00","breadcrumb":{"@id":"https:\/\/www.areagest.com\/pt\/pt\/responsabilidade-social\/#breadcrumb"},"inLanguage":"pt-PT","potentialAction":[{"@type":"ReadAction","target":["https:\/\/www.areagest.com\/pt\/pt\/responsabilidade-social\/"]}]},{"@type":"ImageObject","inLanguage":"pt-PT","@id":"https:\/\/www.areagest.com\/pt\/pt\/responsabilidade-social\/#primaryimage","url":"https:\/\/www.areagest.com\/wp-content\/uploads\/2015\/10\/11.png","contentUrl":"https:\/\/www.areagest.com\/wp-content\/uploads\/2015\/10\/11.png"},{"@type":"BreadcrumbList","@id":"https:\/\/www.areagest.com\/pt\/pt\/responsabilidade-social\/#breadcrumb","itemListElement":[{"@type":"ListItem","position":1,"name":"In\u00edcio","item":"https:\/\/www.areagest.com\/pt\/"},{"@type":"ListItem","position":2,"name":"Responsabilidade Social"}]},{"@type":"WebSite","@id":"https:\/\/www.areagest.com\/pt\/#website","url":"https:\/\/www.areagest.com\/pt\/","name":"Areagest Servi\u00e7os de Gest\u00e3o","description":"Compra e Venda de Empresas, Portugal 2030, Assessoria Financeira","potentialAction":[{"@type":"SearchAction","target":{"@type":"EntryPoint","urlTemplate":"https:\/\/www.areagest.com\/pt\/?s={search_term_string}"},"query-input":{"@type":"PropertyValueSpecification","valueRequired":true,"valueName":"search_term_string"}}],"inLanguage":"pt-PT"}]}},"_links":{"self":[{"href":"https:\/\/www.areagest.com\/pt\/wp-json\/wp\/v2\/pages\/3213","targetHints":{"allow":["GET"]}}],"collection":[{"href":"https:\/\/www.areagest.com\/pt\/wp-json\/wp\/v2\/pages"}],"about":[{"href":"https:\/\/www.areagest.com\/pt\/wp-json\/wp\/v2\/types\/page"}],"author":[{"embeddable":true,"href":"https:\/\/www.areagest.com\/pt\/wp-json\/wp\/v2\/users\/1"}],"replies":[{"embeddable":true,"href":"https:\/\/www.areagest.com\/pt\/wp-json\/wp\/v2\/comments?post=3213"}],"version-history":[{"count":12,"href":"https:\/\/www.areagest.com\/pt\/wp-json\/wp\/v2\/pages\/3213\/revisions"}],"predecessor-version":[{"id":7857,"href":"https:\/\/www.areagest.com\/pt\/wp-json\/wp\/v2\/pages\/3213\/revisions\/7857"}],"wp:attachment":[{"href":"https:\/\/www.areagest.com\/pt\/wp-json\/wp\/v2\/media?parent=3213"}],"curies":[{"name":"wp","href":"https:\/\/api.w.org\/{rel}","templated":true}]}}

<h3><a href="https://www.areagest.com/wp-content/uploads/2015/10/11.png"><img loading="lazy" decoding="async" class="alignnone wp-image-6320" src="https://www.areagest.com/wp-content/uploads/2015/10/11.png" alt="" width="269" height="172" srcset="https://areagest.com/wp-content/uploads/2015/10/11.png 622w, https://areagest.com/wp-content/uploads/2015/10/11-300x191.png 300w" sizes="auto, (max-width: 269px) 100vw, 269px" /></a></h3>
<p>&nbsp;</p>
<h3>Trabalhamos com o propósito de contribuir para o desenvolvimento, coesão e bem-estar social através da promoção e celebração de uma cidadania mais ativa e solidária.</h3>
<h4><span style="color: #666666; line-height: 1.5;">Procuramos assumir-nos como uma agregadora do papel social nas empresas. com o objectivo de sensibilizar, mobilizar e valorizar as pessoas e as comunidades para a inclusão social, desenvolvimento económico e respeito pelo ambiente.<br />
</span></h4>
<h4><span style="color: #666666; line-height: 1.5;">Apresentamo-nos como uma entidade interessada em apoiar causas que levem ao alcance de um bem maior.</span></h4>
<p>&nbsp;</p>
<h4>Conheça algumas das nossas ações:</h4>
<h4><span style="color: #666666; line-height: 1.5;"><span id="ember2607" class="ember-view">&#8211; Somos associados da </span><a id="ember2611" class="tap-target feed-shared-text-view__mention ember-view" href="https://www.linkedin.com/company/gracept//" target="_self"><span data-entity-hovercard-id="urn:li:fs_miniProfile:ACoAABnSpg8B5mWfQCxRwSQ67vhrKMS8B0xK2w4">Associação GRACE</span></a><span id="ember2615" class="ember-view"> – Grupo de Reflexão e Apoio à Cidadania Empresarial. Saiba mais sobre esta associação clicando  <a href="https://grace.pt/pt">AQUI</a></span><br />
</span></h4>
<p><a href="https://www.areagest.com/wp-content/uploads/2019/02/Selo-Grace.jpg"><img loading="lazy" decoding="async" class="alignnone  wp-image-6987" src="https://www.areagest.com/wp-content/uploads/2019/02/Selo-Grace.jpg" alt="" width="204" height="200" srcset="https://areagest.com/wp-content/uploads/2019/02/Selo-Grace.jpg 950w, https://areagest.com/wp-content/uploads/2019/02/Selo-Grace-300x295.jpg 300w, https://areagest.com/wp-content/uploads/2019/02/Selo-Grace-768x754.jpg 768w" sizes="auto, (max-width: 204px) 100vw, 204px" /></a></p>
<h4> <span style="color: #666666; line-height: 1.5;">&#8211; Conheça a nossa parceria com a Operação Nariz Vermelho, clicando <strong><a href="http://www.areagest.com/pt/operacao-nariz-vermelho/">AQUI</a></strong><br />
</span></h4>
<p><a href="http://www.areagest.com/pt/operacao-nariz-vermelho/"><img loading="lazy" decoding="async" class="alignnone size-full wp-image-3220" src="http://www.areagest.com/wp-content/uploads/2015/10/nariz-vermelho-e1445434963681.jpg" alt="nariz vermelho" width="194" height="74" /></a></p>
<p>&nbsp;</p>
<p>&nbsp;</p>

<p>&nbsp; Trabalhamos com o propósito de contribuir para o desenvolvimento, coesão e bem-estar social através da promoção e celebração de uma cidadania mais ativa e solidária. Procuramos assumir-nos como uma agregadora do papel social nas empresas. com o objectivo de sensibilizar, mobilizar e valorizar as pessoas e as comunidades para a inclusão social, desenvolvimento económico&#8230;</p>

<!-- This site is optimized with the Yoast SEO plugin v25.3.1 - https://yoast.com/wordpress/plugins/seo/ -->
<title>Responsabilidade Social - Areagest Serviços de Gestão</title>
<meta name="robots" content="index, follow, max-snippet:-1, max-image-preview:large, max-video-preview:-1" />
<link rel="canonical" href="https://www.areagest.com/pt/pt/responsabilidade-social/" />
<meta property="og:locale" content="pt_PT" />
<meta property="og:type" content="article" />
<meta property="og:title" content="Responsabilidade Social - Areagest Serviços de Gestão" />
<meta property="og:description" content="&nbsp; Trabalhamos com o propósito de contribuir para o desenvolvimento, coesão e bem-estar social através da promoção e celebração de uma cidadania mais ativa e solidária. Procuramos assumir-nos como uma agregadora do papel social nas empresas. com o objectivo de sensibilizar, mobilizar e valorizar as pessoas e as comunidades para a inclusão social, desenvolvimento económico..." />
<meta property="og:url" content="https://www.areagest.com/pt/pt/responsabilidade-social/" />
<meta property="og:site_name" content="Areagest Serviços de Gestão" />
<meta property="article:modified_time" content="2025-06-10T14:58:40+00:00" />
<meta property="og:image" content="https://areagest.com/wp-content/uploads/2015/10/11.png" />
	<meta property="og:image:width" content="622" />
	<meta property="og:image:height" content="397" />
	<meta property="og:image:type" content="image/png" />
<meta name="twitter:label1" content="Tempo estimado de leitura" />
	<meta name="twitter:data1" content="1 minuto" />
<script type="application/ld+json" class="yoast-schema-graph">{"@context":"https://schema.org","@graph":[{"@type":"WebPage","@id":"https://www.areagest.com/pt/pt/responsabilidade-social/","url":"https://www.areagest.com/pt/pt/responsabilidade-social/","name":"Responsabilidade Social - Areagest Serviços de Gestão","isPartOf":{"@id":"https://www.areagest.com/pt/#website"},"primaryImageOfPage":{"@id":"https://www.areagest.com/pt/pt/responsabilidade-social/#primaryimage"},"image":{"@id":"https://www.areagest.com/pt/pt/responsabilidade-social/#primaryimage"},"thumbnailUrl":"https://www.areagest.com/wp-content/uploads/2015/10/11.png","datePublished":"2015-10-21T13:29:32+00:00","dateModified":"2025-06-10T14:58:40+00:00","breadcrumb":{"@id":"https://www.areagest.com/pt/pt/responsabilidade-social/#breadcrumb"},"inLanguage":"pt-PT","potentialAction":[{"@type":"ReadAction","target":["https://www.areagest.com/pt/pt/responsabilidade-social/"]}]},{"@type":"ImageObject","inLanguage":"pt-PT","@id":"https://www.areagest.com/pt/pt/responsabilidade-social/#primaryimage","url":"https://www.areagest.com/wp-content/uploads/2015/10/11.png","contentUrl":"https://www.areagest.com/wp-content/uploads/2015/10/11.png"},{"@type":"BreadcrumbList","@id":"https://www.areagest.com/pt/pt/responsabilidade-social/#breadcrumb","itemListElement":[{"@type":"ListItem","position":1,"name":"Início","item":"https://www.areagest.com/pt/"},{"@type":"ListItem","position":2,"name":"Responsabilidade Social"}]},{"@type":"WebSite","@id":"https://www.areagest.com/pt/#website","url":"https://www.areagest.com/pt/","name":"Areagest Serviços de Gestão","description":"Compra e Venda de Empresas, Portugal 2030, Assessoria Financeira","potentialAction":[{"@type":"SearchAction","target":{"@type":"EntryPoint","urlTemplate":"https://www.areagest.com/pt/?s={search_term_string}"},"query-input":{"@type":"PropertyValueSpecification","valueRequired":true,"valueName":"search_term_string"}}],"inLanguage":"pt-PT"}]}</script>
<!-- / Yoast SEO plugin. -->

Responsabilidade Social - Areagest Serviços de Gestão

&nbsp; Trabalhamos com o propósito de contribuir para o desenvolvimento, coesão e bem-estar social através da promoção e celebração de uma cidadania mais ativa e solidária. Procuramos assumir-nos como uma agregadora do papel social nas empresas. com o objectivo de sensibilizar, mobilizar e valorizar as pessoas e as comunidades para a inclusão social, desenvolvimento económico...

Areagest Serviços de Gestão

Início
